k - 4*k = -100. What is the greatest common divisor of k and s?
10
Suppose -5*c = 3*s - 2, -2*s + 24 = 2*s - 4*c. Suppose -20*i - 1 + 103 + 18 = 0. What is the highest common factor of s and i?
2
Suppose -15*g + 9*g + 18 = 0. Suppose 20 = 2*r + 3*r. Suppose -r*i - 3*c = -222, -i + 2*i + g*c = 60. What is the greatest common factor of 27 and i?
27
Suppose 5*t - 2*b - 657 = 0, -3*b - 653 = -5*t - 0*b. Calculate the highest common divisor of t and 57.
19
Let h(a) = -a**3 + 14*a**2 + 6*a + 14. Let b be h(4). What is the greatest common factor of 36 and b?
18
Let a be ((-3)/(-2))/(-3)*-44. Suppose 15 = 5*b, c + 2*b + 63 - 71 = 0. Calculate the highest common factor of a and c.
2
Suppose 9*q - 91 - 8 = 0. Suppose -25 = -5*s - 0*s. Suppose -2*x = -s*a - 154, 4*x + 2*a - 30 = 278. What is the highest common divisor of q and x?
11
Let x(z) = -2*z**3 + 22*z**2 - 15*z. Let h be x(10). Let q(u) = 4*u - 2. Let i be q(3). What is the highest common factor of i and h?
10
Suppose -3*o + 25 = 2*f, 6 = -2*o - 4*f + 28. Suppose -13*p + 52 = -0*p. Suppose -p*l = 4, 3*z = 2*z - 2*l - 1. What is the highest common factor of z and o?
1
Let a be (-32)/(-20)*(-1710)/(-4). What is the highest common factor of 36 and a?
36
Let z(c) = c**3 - 3*c**2 - 4*c - 40. Let f be z(7). What is the greatest common divisor of f and 4?
4
Let d(c) = 31*c**3 + 3*c**2 - 4*c + 2. Let j be d(1). What is the highest common factor of 2 and j?
2
Suppose -3*g = 3*m - 197 - 13, -4*m = -3*g + 182. Calculate the highest common factor of g and 462.
66
Suppose -14*l + b + 13 = -13*l, -3*l + 32 = 4*b. Let u = -8 + 14. Calculate the greatest common factor of u and l.
6
Suppose -6*d + 7*d = 9. Let b be (6/4)/(d/84). Let u be ((-14)/(-6))/((-1)/(-66)). Calculate the highest common divisor of b and u.
14
Let m(v) = v**3 - 5*v**2 + 3*v + 4. Let g be m(4). Suppose 3*p + g*p = 24. Let n = -46 + 66. Calculate the highest common divisor of p and n.
4
Let t(q) = q**3 + 6*q**2 - q + 4. Let y be t(-6). Let v(n) = -6*n + 13. Let u be v(6). Let g = 33 + u. What is the highest common divisor of g and y?
10
Suppose -2*s = s - 81. Let o = -1447 + 1474. Calculate the highest common divisor of s and o.
27
Suppose 0 = 5*b - 3*b - 122. Suppose -k - 39 = b. Let u be (k/(-4) + -2)*3. Calculate the highest common factor of u and 46.
23
Let j = 412 - -160. Calculate the greatest common divisor of j and 156.
52
Let s(w) = -2*w + 41. Let c be s(19). Suppose z + 342 = c*z. What is the highest common factor of z and 19?
19
Suppose 3*o = 3*a + 177, 6*a - 5*a - 4 = 0. Calculate the greatest common divisor of 42 and o.
21
Let a = -30 - -64. Calculate the greatest common divisor of 119 and a.
17
Let a be 53 + (7 - 1) + -4. What is the greatest common factor of a and 440?
55
Let p be (1 + -2)/(18/(-1890)). Let q be p*(4 + -1 + -2). Let d(j) = j**2 + 7*j + 7. Let u be d(-8). Calculate the greatest common factor of q and u.
15
Let w be (-4)/(12/(-77)) + (-16)/24. Suppose a + 4*a = 3*g - 30, 0 = -3*g + 4*a + 30. Calculate the greatest common divisor of g and w.
5
Let j = 16 + 50. Let d = 15 + -10. Let a(f) = 3*f**2 - 4*f - 11. Let p be a(d). What is the greatest common divisor of p and j?
22
Let g be (-24)/5*(-5)/1. Suppose -5*w + 0*w = -15. Suppose 9*s = -4*k + 4*s + 89, 0 = -5*k - w*s + 95. What is the highest common divisor of k and g?
8
Let j = -75 - -107. What is the greatest common factor of 96 and j?
32
Suppose -1028 = -4*m - 88. Suppose -5*b + m + 10 = 0. Let t(u) = u**2 + 18*u - 33. Let v be t(-20). What is the greatest common divisor of b and v?
7
Let d(t) = 4*t + 3. Let u = 9 - 11. Let c be d(u). Let f be 2 + 16 + (c - -1). What is the highest common factor of 14 and f?
14
Let n(w) = -w**3 - 15*w**2 - 22*w - 20. Let p be n(-15). Calculate the greatest common factor of 124 and p.
62
Suppose -14*c = -3*c - 704. Calculate the greatest common factor of 4 and c.
4
Let x be (15 + -3)/(3/10). Suppose -8*p = -3*p - x. Calculate the highest common divisor of 28 and p.
4
Let m(p) = -p**2 + 22*p - 100. Let l be m(15). Calculate the highest common factor of l and 65.
5
Let z(f) = 2*f + 34. Let q be z(-17). Suppose 5*y = -s - q*s + 37, y + 2*s = 2. Let g = 14 - -6. What is the highest common divisor of g and y?
4
Suppose 5*b - 2*y - 1235 = 0, 52*y = 2*b + 49*y - 483. What is the greatest common divisor of 3 and b?
3
Let d be 5/(-3)*780/(-650). What is the highest common factor of d and 362?
2
Let w(h) = -h**3 - 29*h**2 - 16*h - 51. Let z be w(-31). What is the highest common divisor of 9 and z?
9
Suppose -21*x + 336 = -9*x. Let u(d) = -d**3 - 6*d**2 - 10*d - 7. Let o be u(-7). What is the highest common divisor of o and x?
28
Let o(t) = 2*t**2 - 167*t + 117. Let m be o(83). Suppose 7*k = -4*q + 3*k + 220, 3*k = 5*q - 243. What is the highest common factor of m and q?
17
Suppose -3*b = b - 68. Let c = -13 + b. What is the greatest common divisor of 28 and c?
4
Let o = -47 + 57. Suppose -3 = 2*i - i. Let n be (-8)/i + (-4)/6. What is the highest common divisor of n and o?
2
Let m be (-7 - 1)*(-22 + 12). Calculate the greatest common divisor of m and 16.
16
Let b be (-3)/7 + 72/21. Suppose -4*s = b*h - 144, 2*h - 48 = h + 3*s. What is the highest common factor of 16 and h?
16
Let p(o) = 2*o + 16. Let b be p(-9). Let s(j) = -17*j - 9. Let c be s(b). Calculate the highest common factor of c and 5.
5
Suppose 4*x - 6912 = g, 5*g - 6912 = -4*x + 7*g. What is the greatest common factor of 54 and x?
54
Suppose -5*m + 2483 = -9037. Calculate the greatest common divisor of m and 72.
72
Let k(b) = 2*b**2 + 8*b + 11. Let n be k(-3). Calculate the highest common divisor of 85 and n.
5
Let w(r) = 2*r**3 - 14*r**2 + 11*r - 9. Let y be w(7). Let z be (-10)/(-35) - 117/(-7). Calculate the greatest common divisor of z and y.
17
Suppose -142 - 138 = -7*r. What is the greatest common divisor of 65 and r?
5
Let b(m) be the second derivative of 7*m - 1/20*m**5 + 0*m**3 + 0 + 1/2*m**2 + 1/6*m**4. Let i be b(2). Calculate the greatest common divisor of i and 7.
1
Let c be 54/4*(-130)/(-39). Let f = c + -33. Calculate the highest common factor of 36 and f.
12
Let v = 1564 + 41. Calculate the highest common factor of v and 15.
15
Let k(r) = -r**3 + 7*r**2 + 3*r + 3. Let p be k(7). Let t = -6 + 8. Suppose -q + 48 = t*q. Calculate the greatest common factor of q and p.
8
Let r(x) = -x**2 + x + 7. Let y be r(0). Suppose 5*s + 508 = 9*s. Let d = s - 50. What is the highest common divisor of d and y?
7
Let r(d) = d**2 + 4. Let z be r(2). Let o be (-9)/((-9)/z)*2. Calculate the greatest common factor of o and 40.
8
Let z(p) = -2*p**3 + 2*p**2 + 38*p - 31. Let n be z(-8). Calculate the highest common divisor of n and 95.
19
Let u be 357618/513 - (-1)/(-9). Calculate the greatest common factor of 17 and u.
17
Let p be 6 + 156 + (-14)/(-2). What is the greatest common divisor of 13 and p?
13
Suppose 0 = -20*d + 5697 + 9783. What is the highest common divisor of d and 36?
18
Let j = 51 + -48. Suppose 7*u - 512 = j*u. Calculate the highest common factor of u and 8.
8
Suppose 4*o + 59 - 145 = 3*i, -38 = -2*o - i. Calculate the highest common divisor of o and 35.
5
Let y be 74 + -5 + 0 + -7. Calculate the greatest common factor of y and 155.
31
Let m be 2784/36 - (-3)/(-9). Calculate the highest common divisor of m and 28.
7
Let p = -6 - -31. Let d = 13 - 5. Suppose -d = l - 18. What is the highest common factor of p and l?
5
Let q(v) = v**3 - 21*v**2 + 48*v + 38. Let n be q(20). Calculate the highest common divisor of n and 26.
26
Suppose 0 = 5*k + 4*n - 4149, -3*n = 5*k - 764 - 3389. What is the highest common factor of 51 and k?
17
Let k be 3/(-5) - (-279)/15. Let v(s) = 5*s**2 - 79*s - 7. Let g be v(16). Calculate the greatest common factor of k and g.
9
Suppose 16 = 2*h - 86. Let n = h + -47. What is the greatest common factor of n and 36?
4
Let m = 14 + 24. What is the greatest common divisor of 38 and m?
38
Suppose 0 = 3*o + o - 12. Suppose c = -c - 5*h + 26, -39 = -o*c + h. Calculate the greatest common factor of 143 and c.
13
Let g = 583 + -543. Calculate the greatest common factor of 376 and g.
8
Let i = 3 - 1. Suppose 4*k - i*c - 80 = 0, 2*k = 3*c - 5*c + 40. Suppose -5*m + 4*g = -294 - 352, 0 = 5*g + k. Calculate the highest common factor of m and 14.
14
Let i 